{"id":5,"date":"2020-09-27T16:27:00","date_gmt":"2020-09-27T19:27:00","guid":{"rendered":"http:\/\/charlespennaforte.pro.br\/portal\/?page_id=5"},"modified":"2025-03-13T15:59:28","modified_gmt":"2025-03-13T18:59:28","slug":"ultmas-palestras","status":"publish","type":"page","link":"https:\/\/charlespennaforte.pro.br\/?page_id=5","title":{"rendered":"Sobre"},"content":{"rendered":"\n<p><\/p>\n\n\n\n<p><\/p>\n\n\n\n<p>Doutor em Rela\u00e7\u00f5es Internacionais pela Universidad Nacional de La Plata\/Argentina (Reconhecimento n\u00ba 125721\/USP). P\u00f3s-doutor em Integra\u00e7\u00e3o da Am\u00e9rica Latina\/USP e Professor Adjunto na Universidade Federal de Pelotas (RS). <\/p>\n\n\n\n<p>Professor permanente do Programa de P\u00f3s-Gradua\u00e7\u00e3o em Hist\u00f3ria da Universidade Federal de Pelotas (RS). \u00c9 fundador do Centro de Estudos em Geopol\u00edtica e Rela\u00e7\u00f5es Internacionais (CENEGRI), Organiza\u00e7\u00e3o N\u00e3o-Governamental sem fins lucrativos, criado em 2004. L\u00edder do Grupo de Pesquisa CNPq Geopol\u00edtica e Mercosul (UFPEL). Coordenador do Laborat\u00f3rio de Geopol\u00edtica, Rela\u00e7\u00f5es Internacionais e Movimentos Antissist\u00eamicos (LabGRIMA\/UFPEL).<\/p>\n\n\n\n<p>Colaborador de jornais, TVs e portais de not\u00edcias nacionais e internacionais. \u00c9 pesquisador-associado ao Instituto Brasileiro de Estudos China \u00c1sia e Pac\u00edfico (IBECAP) no Rio de Janeiro; ao Laborat\u00f3rio de Estudos Asi\u00e1ticos (LEA) da USP e ao NESPI &#8211; Nucleo de Estudos e Pesquisas de Pol\u00edtica Internacional. Estudos Internacionais e Pol\u00edticas Comparadas da USP. Membro do Centro Studi Strategici Carlo de Cristoforis (CESTUDEC) &#8211; It\u00e1lia. <\/p>\n\n\n\n<p>Seus temas de interesse s\u00e3o: Pol\u00edtica Externa Brasileira, Integra\u00e7\u00e3o Regional, Hist\u00f3ria Latino-Americana Contempor\u00e2nea, An\u00e1lise dos Sistemas-Mundo e Geopol\u00edtica. Autor de mais de uma dezena de livros (veja alguns dispon\u00edveis na aba &#8216;downloads&#8217;)<\/p>\n\n\n\n<p><\/p>\n\n\n\n<p><\/p>\n","protected":false},"excerpt":{"rendered":"<p>Doutor em Rela\u00e7\u00f5es Internacionais pela Universidad Nacional de La Plata\/Argentina (Reconhecimento n\u00ba 125721\/USP). P\u00f3s-doutor em Integra\u00e7\u00e3o da Am\u00e9rica Latina\/USP e Professor Adjunto na Universidade Federal de Pelotas (RS). Professor permanente do Programa de P\u00f3s-Gradua\u00e7\u00e3o em Hist\u00f3ria da Universidade Federal de Pelotas (RS). \u00c9 fundador do Centro de Estudos em Geopol\u00edtica e Rela\u00e7\u00f5es Internacionais (CENEGRI), Organiza\u00e7\u00e3o N\u00e3o-Governamental sem fins lucrativos, criado em 2004. L\u00edder do Grupo de Pesquisa CNPq Geopol\u00edtica e Mercosul (UFPEL). Coordenador do Laborat\u00f3rio de Geopol\u00edtica, Rela\u00e7\u00f5es Internacionais e Movimentos Antissist\u00eamicos (LabGRIMA\/UFPEL). Colaborador de jornais, TVs e portais de not\u00edcias nacionais e internacionais. \u00c9 pesquisador-associado ao Instituto Brasileiro de Estudos China \u00c1sia e Pac\u00edfico (IBECAP) no Rio de Janeiro; ao Laborat\u00f3rio de Estudos Asi\u00e1ticos (LEA) da USP e ao NESPI &#8211; Nucleo de Estudos e Pesquisas de Pol\u00edtica Internacional. Estudos Internacionais e Pol\u00edticas Comparadas da USP. Membro do Centro Studi Strategici Carlo de Cristoforis (CESTUDEC) &#8211; It\u00e1lia. Seus temas de interesse s\u00e3o: Pol\u00edtica Externa Brasileira, Integra\u00e7\u00e3o Regional, Hist\u00f3ria Latino-Americana Contempor\u00e2nea, An\u00e1lise dos Sistemas-Mundo e Geopol\u00edtica. Autor de mais de uma dezena de livros (veja alguns dispon\u00edveis na aba &#8216;downloads&#8217;)<\/p>\n","protected":false},"author":1,"featured_media":1476,"parent":0,"menu_order":4,"comment_status":"closed","ping_status":"closed","template":"","meta":{"footnotes":""},"class_list":["post-5","page","type-page","status-publish","has-post-thumbnail","hentry"],"_links":{"self":[{"href":"https:\/\/charlespennaforte.pro.br\/index.php?rest_route=\/wp\/v2\/pages\/5","targetHints":{"allow":["GET"]}}],"collection":[{"href":"https:\/\/charlespennaforte.pro.br\/index.php?rest_route=\/wp\/v2\/pages"}],"about":[{"href":"https:\/\/charlespennaforte.pro.br\/index.php?rest_route=\/wp\/v2\/types\/page"}],"author":[{"embeddable":true,"href":"https:\/\/charlespennaforte.pro.br\/index.php?rest_route=\/wp\/v2\/users\/1"}],"replies":[{"embeddable":true,"href":"https:\/\/charlespennaforte.pro.br\/index.php?rest_route=%2Fwp%2Fv2%2Fcomments&post=5"}],"version-history":[{"count":34,"href":"https:\/\/charlespennaforte.pro.br\/index.php?rest_route=\/wp\/v2\/pages\/5\/revisions"}],"predecessor-version":[{"id":1612,"href":"https:\/\/charlespennaforte.pro.br\/index.php?rest_route=\/wp\/v2\/pages\/5\/revisions\/1612"}],"wp:featuredmedia":[{"embeddable":true,"href":"https:\/\/charlespennaforte.pro.br\/index.php?rest_route=\/wp\/v2\/media\/1476"}],"wp:attachment":[{"href":"https:\/\/charlespennaforte.pro.br\/index.php?rest_route=%2Fwp%2Fv2%2Fmedia&parent=5"}],"curies":[{"name":"wp","href":"https:\/\/api.w.org\/{rel}","templated":true}]}}